- 27).
18
What is the value of -7 + 27 + -27 + (-1 - -13)?
5
(1 - -10) + (47 - 59)
-1
-9 + 5 + (-13 - (6 - 13) - -5)
-5
What is -2 + 2 + 6 + (465 - 485)?
-14
What is (-47 - (30 + -84)) + 18?
25
Evaluate (-19 - -26) + -12 + (-1 - -1 - 14).
-19
Evaluate 5 - (16 + 0) - (-14 - -12).
-9
-1 + 5 + (4 - -4) + -12 + 16
16
What is the value of (4 - -7 - (10 + 5 + -9)) + -22?
-17
What is the value of -5 - (-6 - 0) - (2 + -38)?
37
-18 + (-5 - (-10 + -14 + 11))
-10
What is the value of 2 - ((2 - -8) + -4)?
-4
Evaluate 130 + -120 + (-4 - (1 - 2)).
7
Evaluate -2 - ((3 - -2) + (1 - 1 - 6)).
-1
31 + -5 + -2 - 34
-10
What is 7 + -5 + (15 - 8) + 6?
15
What is 52 - 82 - (0 - 30)?
0
-4 + (5 + 5 - 2 - -8) + -1
11
(0 - 12 - (-196 + 195)) + 2
-9
What is the value of -46 + (2 - (16 - 40))?
-20
What is 2 + (-6 - -1) + -2 + 11 - 16?
-10
What is (5 - 3 - (14 - (7 + 1))) + 5?
1
Evaluate 17 + (-22 - 11) - 3.
-19
Evaluate (1 + 2 - 3) + (-5 - (1 + 1)).
-7
What is -156 - -174 - (-2 + 2)?
18
Calculate -3 + 0 + (-9 - -29) + -10 + 3.
10
What is -12 - (3 + 0 + -3) - (-155 - -158)?
-15
What is the value of (1 - -4 - (-66 - -75)) + 16 - -2?
14
Evaluate -2 + (-4 - 0) + (-4 - -40 - 22).
8
Calculate -23 - -13 - (3 + -30).
17
What is -14 - (-4 + 19 + -15)?
-14
Calculate -7 + (3 - (42 + -16)) + (10 - 1).
-21
What is (-1 + -2 - 2) + -1 - (12 - 15)?
-3
Calculate -7 + (-3 + 9 + -16 - -38).
21
What is the value of 5 - 3 - (19 + 6 - 6)?
-17
What is the value of -42 + 5 - -22 - (-7 + (-2 - -1))?
-7
Evaluate (-7 - (-8 - (1 + -1 + -1))) + -7.
-7
What is -1 + -2 - (3 - -3 - 6)?
-3
What is the value of 0 + -1 - (32 - (12 + 11))?
-10
21 + -2 + -2 + (-9 - (-9 + -5))
22
(9 + -1 - -1) + (-25 - 1) + 3
-14
What is the value of 10 - (-4 + 14 - -3 - -10)?
-13
What is (-10 + -39 - -20) + 5 + (0 - -9)?
-15
What is (3 + -6 - (-1 + -2)) + 42 + -48?
-6
Evaluate -6 + 0 + (32 - (38 + -14)).
2
Evaluate 6 + (-1 - 2 - (8 + -3 + 1)).
-3
What is the value of (-45 - -49) + (-4 + -3 - -2)?
-1
Calculate -21 - -2 - 1 - (-17 + -5 + 13).
-11
What is the value of (-2 - 4) + (-17 - (-1 + -31)) + -17?
-8
-5 - (-2 + -9) - (-1 - 6)
13
Calculate -48 - -65 - (2 + -9 - -3).
21
Calculate 171 - 175 - (-2 + 6).
-8
Calculate (-18 - -15 - -2) + -13.
-14
Calculate (-44 - -41) + 0 + -1 + 6 + -2.
0
Evaluate 6 - (21 + -2) - -1 - (3 - -2).
-17
-8 + (-11 + 7 - (21 - 6))
-27
Calculate 1 + 6 - (-7 + (-4 - -11)) - 1.
6
Evaluate 16 - (12 + 1 + -10).
13
What is the value of -4 + 1 - -2 - 9 - -9?
-1
(-13 - (3 + -10)) + -5 + -5
-16
Evaluate 16 + (-47 - -5 - -9).
-17
Calculate 22 + -4 + 1 + -8 + 9.
20
-24 + 10 - (-38 - -2)
22
Evaluate -10 - (7 - (7 - (11 - 6) - 4)).
-19
What is -13 + 1 - (-15 + -4)?
7
What is -79 + 66 - (1 - 10) - (-2 - 3)?
1
What is the value of (14 - (-6 + 12)) + 6 + -13?
1
Calculate -8 - (10 - ((0 - -10) + -6)).
-14
What is the value of -51 - 2 - -11 - -23?
-19
What is -17 - (-13 + 3 + 0) - (-1 + -2)?
-4
What is the value of 3 + -13 + 5 + (-3 - -7)?
-1
Calculate (4 - (-1 + -1)) + (0 + 9 - 15).
0
Calculate -7 - (1 - -8 - 16).
0
-12 - (-57 + 35) - -21
31
Calculate -9 - (-11 + 9) - (-12 + -5).
10
What is (-6 - (1 + -2 - (22 - 15))) + -10?
-8
What is -3 + 5 + -22 + 13?
-7
What is 35 + (-27 - -25 - 19)?
14
-38 - (-16 - 35) - -23
36
What is ((-41 - -10) + 10 - (-13 + 8)) + -10?
-26
What is the value of 64 + -67 + (12 - (0 + 0)) - -2?
11
What is (5 - (9 - 4) - 0) + 7 - -9?
16
Evaluate -14 - -14 - (3 - 3 - -13).
-13
-13 - -2 - (-25 + -3)
17
What is the value of -17 + 1 - (17 + -6 + -17)?
-10
-9 + -10 - -12 - (0 - 11)
4
What is 8 + (-16 - 2) - 1?
-11
-7 + (-18 - -35 - 0)
10
-1 - (2 + 1 - (18 + -8))
6
(-42 - -13) + -42 + 33
-38
Calculate -1024 + 1017 - (0 - (1 + -3) - -1).
-10
Evaluate -16 - (-16 - (-10 + 10)).
0
Evaluate 9 - (-34 - -27 - (3 + -13)).
6
What is -86 + 75 + 5 + 11?
5
What is 16 - 24 - (-32 - -7) - 13?
4
What is the value of 8 + -6 + (-7 - 0) + 8?
3
239 - 250 - (-1 + (-24 - 1))
15
Calculate 34 - 19 - 2 - (15 + 3).
-5
What is the value of 1 + -7 + 1 + (1 - (17 - 23))?
2
What is 39 - 7 - 0 - 43?
-11
Calculate -8 - (15 - (-2 - 14 - -52)).
13
What is the value of -7 - -1 - (12 + -7 + -1)?
-10
Evaluate -33 - (-36 - (18 - 36)).
-15
Evaluate (-3 - -13 - (-2 - 24)) + 6 + -15.
27
-7 + 4 + (5 - -2 - (32 - 17))
-11
6 + 9 + -16 - 14
-15
What is the value of (39 - 38) + (-1 - 2) + 0 + -2?
-4
-37 - (26 + (8 - 66))
-5
-2 - (-2 - -7 - 1)
-6
Calculate (-19 - (-13 - 9 - 14)) + -41.
-24
Evaluate -11 + 2 + (0 + -1 - 2).
-12
What is the value of -4 - ((11 - 8) + 5 - 2)?
-10
What is (-83 + 19 - -27) + 60?
23
Evaluate 6 + -16 + 29 + -2 + -2.
15
What is -4 + (7 + -6 - 7 - -3) + -3?
-10
Calculate 13 - 43 - (122 - 134).
-18
Calculate -15 + -7 - (10 - 23).
-9
Calculate -7 - ((1 - 10) + -3) - -2.
7
What is the value of 1 + -11 + (26 - 17) + 2 + 27?
28
Evaluate 0 + (-2 + (-15 - -9) - 13).
-21
What is the value of (3 + 2 + 15 - 8) + 2?
14
What is the value of (-6 - -2) + (12 - (19 - -3))?
-14
Calculate 36 + (31 - 84 - 13).
-30
(-5 - -2 - 16) + 0 + 6 + 5
-8
What is -25 + 18 - (-1 - 2 - 1) - 6?
-9
Evaluate (-35 - 12) + 25 + 3.
-19
16 + -2 + -22 + -14
-22
Evaluate (-5 - ((1 - 4) + 3)) + 0 - -16.
11
Evaluate -13 - (-26 + 9 - (-14 + -22)).
-32
Calculate 9 + (-4 + 5 - 19).
-9
Calculate (-9 - -20 - 14 - (0 - 2)) + 18.
17
What is the value of 27 + (-62 - -20) + 16?
1
Evaluate 0 + -4 - (1560 - 1532).
-32
Calculate (-15 + 24 - 7) + 8.
10
What is (-13 - -2) + 25 + -7?
7
What is 6 - (4 - (15 + -34))?
-17
Evaluate 11 + -1 + -7 - 23 - -9.
-11
Evaluate -4 + (24 - (6 + 5)) - 2.
7
Calculate 21 - 24 - (1 - 3 - -3).
-4
Calculate 16 + -4 + 25 + -8.
29
Calculate -1 + -26 + (-165 - -213).
21
Evaluate -9 - (6 + (6 - -5)).
-26
Calculate 5 - (11 - 6 - -3) - (7 + -21).
11
-48 + 28 + (2 + -2 - -7)
-13
Calculate 3 - (-11 + 4 + 6).
4
Calculate 4 - (-3 + 0 + 6 + -3 + -4).
8
What is the value of 8 + -32 + 3 + -3 + (3 - 3)?
-24
What is the value of -4 - (-9 - (-9 + 11 + -5)) - -3?
5
Evaluate 2 + -11 + 0 + -17 + (-30 - -34).
-22
-6 + 5 + 2 + (-11 - -9 - 3)
-4
What is the value of (6 + 2 + 2 - -1) + -26?
-15
What is the value of 6 + -9 + (13 - -12) + -3?
19
Evaluate 1 - 3 - (-17 - -37 - 12).
-10
Calculate 369 - 374 - (-1 - (0 - -6)).
2
(-6 - -8 - (0 + 2)) + (-159 - -133)
-26
What is (3 - (0 + 2 + 0 - 4)) + 11?
16
Evaluate 27 + -17 + -18 + 28.
20
-16 + 4 + 15 + 15
18
What is the value of -8 - -15 - 12 - -18?
13
What is the value of -15 - (4 - (-29 + 46))?
-2
(2 - 2) + (0 + -21 - -8)
-13
What is the value of -8 - -14 - (30 + -4 + (3 - -1))?
-24
76 + -81 + (12 + -2 - (3 + -1))
3
Calculate -13 + (3 - -9) - 0 - -6.
5
What is the value of 15 - (-44 + 22 - -1)?
36
4 + (-10 - -11 - 27)
-22
Evaluate (-4 - -3) + (-5 - -3) + 2.
-1
Evaluate 2 + 4 + -5 + -5 + (-35 - -18).
-21
What is -5 + (21 - (17 - 9))?
8
What is the value of (-6 - (11 - 8)) + 0 + 7 + -11?
-13
What is (-21 - -50) + 25 + -28?
26
15 + -6 + (10 - 0) + -24
-5
Calculate 6 + -25 + -4 + 20.
-3
Evaluate 8 - 6 - -5 - -2 - 6.
3
What is 16 + -1 - (-11 + 18)?
8
What is the value of (-137 - -135) + (-1 - (-20 + -2 + 0))?
19
Calculate -4 + -2 + (6 - (-2 - -4)).
-2
What is the value of 1 + -1 + 1 + -3 - -3 - -9?
10
Evaluate -2 + 0 - (6 - (2 - (-1 - 5))).
0
7 + 4 + -4 + -11 + -1 + -2
-7
Evaluate ((-26 - -17) + 6 - (2 + 6)) + 17.
6
Calculate 3 - (-1 + -1) - (-14 + 30 - 8).
-3
What is 202 + -214 + (2 - -16)?
6
What is the value of 173 - 180 - (-15 - ((3 - -1) + -1))?
11
-67 + -25 + (35 - -34)
-23
(-10 + 1 - (-50 - -41)) + 4
4
Calculate 14 + -3 + (26 - (-40 - -80)).
-3
What is the value of 5 - 4 - -13 - (-4 + 2 + 5)?
11
Evaluate -16 + 60 - 41 - 33.
-30
What is the value of -8 - 1 - ((-89 - -36) + 52)?
-8
Evaluate -11 + (-38 - (-25 - 17)).
-7
What is 15 + (9 - 3 - 18)?
3
What is 2 + -7 - (37 + -21 + -17)?
-4
Evaluate (14 - -10) + 24 + -24.
24
What is (3 - 7) + (1 - (5 + 3 + -2))?
-9
What is the value of 1082 - 1075 - (11 + 1 + 1)?
-6
Calculate (-1 - -3) + -9 + -84 + 80.
-11
What is 42 - 3 - ((5 - 9) + 17)?
26
Evaluate 4 + (-2 - (5 + 4 + -9)).
2
What is -11 + (0 - 0 - (-3 + 0)) - -14?
6
What is 2 - (-17 + 26 + (4 - 4 - -10))?
-17
Calculate (11 - 1) + 115 + -113.
12
What is 27 + -64 - -27 - (-1 - -17)?
-26
Evaluate -2 - (5 - (-5 + 11) - -6) - 4.
-11
What is the value of (-2 - 16) + 171 + -155 - (-1 - 39)?
38
What is 3 - -2 - (1 + 14 + -1 - -1)?
-10
